{"id":77,"date":"2025-02-25T17:47:22","date_gmt":"2025-02-25T17:47:22","guid":{"rendered":"https:\/\/nailbedarf.com\/?page_id=77"},"modified":"2026-05-04T19:39:18","modified_gmt":"2026-05-04T19:39:18","slug":"willkommen","status":"publish","type":"page","link":"https:\/\/nailbedarf.com\/","title":{"rendered":"Willkommen"},"content":{"rendered":"\t\t<div data-elementor-type=\"wp-page\" data-elementor-id=\"77\" class=\"elementor elementor-77\">\n\t\t\t\t<div class=\"elementor-element elementor-element-3b7a73c e-flex e-con-boxed e-con e-parent\" data-id=\"3b7a73c\" data-element_type=\"container\" data-e-type=\"container\">\n\t\t\t\t\t<div class=\"e-con-inner\">\n\t\t\t\t<div class=\"elementor-element elementor-element-8483188 elementor-widget elementor-widget-heading\" data-id=\"8483188\" data-element_type=\"widget\" data-e-type=\"widget\" data-widget_type=\"heading.default\">\n\t\t\t\t<div class=\"elementor-widget-container\">\n\t\t\t\t\t<h2 class=\"elementor-heading-title elementor-size-default\">Herzlich willkommen auf meiner Shop-Seite<\/h2>\t\t\t\t<\/div>\n\t\t\t\t<\/div>\n\t\t\t\t\t<\/div>\n\t\t\t\t<\/div>\n\t\t<div class=\"elementor-element elementor-element-36867c1 e-grid e-con-boxed e-con e-parent\" data-id=\"36867c1\" data-element_type=\"container\" data-e-type=\"container\">\n\t\t\t\t\t<div class=\"e-con-inner\">\n\t\t\t\t<div class=\"elementor-element elementor-element-a9ba6c3 elementor-widget elementor-widget-text-editor\" data-id=\"a9ba6c3\" data-element_type=\"widget\" data-e-type=\"widget\" data-widget_type=\"text-editor.default\">\n\t\t\t\t<div class=\"elementor-widget-container\">\n\t\t\t\t\t\t\t\t\t<p>Wir \u00fcberarbeiten den Shop und unser Angebot.\u00a0 Deshalb ist die Auswahl im Moment sehr begrenzt.\u00a0 Wir\u00a0 erweitern das Angebot st\u00e4ndig, so dass Sie hier bald wieder eine gro\u00dfe Auswahl Nail-Sticker f\u00fcr viele Anl\u00e4sse und Gelegenheiten finden. Unsere Nail-Art Sticker, f\u00fcr kreative Fingern\u00e4gel, sind einfach und schnell zu verarbeiten<\/p><p>Wir sind auch offen f\u00fcr Anregungen und W\u00fcnsche. Schreiben Sie uns gerne an.<\/p><p>Sollten Sie Interesse an Aufklebern f\u00fcr andere Anwendungsbereiche haben, z.B. f\u00fcr Dekoration, Auto, Postkarten usw., schauen Sie doch mal auf meine andere Webseite:<\/p><p>\u00a0 \u201e<a href=\"https:\/\/coole-sticker.de\" target=\"_blank\" rel=\"noopener\">Coole-Sticker<\/a>\u201c\u00a0 \u00a0 \u00a0<\/p><p>Au\u00dferdem biete ich auch Poster und Bilder (Acrylmalerei) an.\u00a0<\/p><p>Wenn Sie Interesse haben, schauen Sie doch mal auf meine Seite<\/p><p>\u00a0<a href=\"http:\/\/coole-poster.de\" target=\"_blank\" rel=\"noopener\">\u201eCoole-Poster<\/a><a style=\"font-family: var( --e-global-typography-text-font-family ), Sans-serif; font-weight: var( --e-global-typography-text-font-weight ); text-align: var(--text-align); background-color: #ffdfd9; font-size: var(--bt-font-size-body, 16px); letter-spacing: 0px;\" href=\"http:\/\/coole-poster.de\" target=\"_blank\" rel=\"noopener\">\u201c<\/a><\/p>\t\t\t\t\t\t\t\t<\/div>\n\t\t\t\t<\/div>\n\t\t\t\t<div class=\"elementor-element elementor-element-aba6502 animated-slow elementor-invisible elementor-widget elementor-widget-gallery-box-slider\" data-id=\"aba6502\" data-element_type=\"widget\" data-e-type=\"widget\" data-settings=\"{&quot;_animation&quot;:&quot;rotateInDownLeft&quot;}\" data-widget_type=\"gallery-box-slider.default\">\n\t\t\t\t<div class=\"elementor-widget-container\">\n\t\t\t\t\t\t\t\n\t\t<div class=\"wl-gbs-gallery\">\n\t\t\t<section>\n\t\t\t\t<div id=\"wl-gbs-viewport\">\n\t\t\t\t\t<div id=\"wl-gbs-box\" class=\"wl-gbs-box\">\n\n\t\t\t\t\t\t\t\t\t\t\t\t\t\t<div class=\"wl-gbs-slide\">\n\t\t\t\t\t\t\t\t<img decoding=\"async\" src=\"https:\/\/nailbedarf.com\/wp-content\/uploads\/2026\/04\/nailart-sticker-NR.75-xxl-768x1016.png\" \/>\n\t\t\t\t\t\t\t\t<\/div>\n\t\t\t\t\t\t\t\t\t\t\t\t\t\t\t<div class=\"wl-gbs-slide\">\n\t\t\t\t\t\t\t\t<img decoding=\"async\" src=\"https:\/\/nailbedarf.com\/wp-content\/uploads\/2026\/04\/nailart-sticker-NR.73-xxl-768x1016.png\" \/>\n\t\t\t\t\t\t\t\t<\/div>\n\t\t\t\t\t\t\t\t\t\t\t\t\t\t\t<div class=\"wl-gbs-slide\">\n\t\t\t\t\t\t\t\t<img decoding=\"async\" src=\"https:\/\/nailbedarf.com\/wp-content\/uploads\/2026\/04\/nailart-sticker-NR.76-xxl-768x1016.png\" \/>\n\t\t\t\t\t\t\t\t<\/div>\n\t\t\t\t\t\t\t\t\t\t\t\t\t\t\t<div class=\"wl-gbs-slide\">\n\t\t\t\t\t\t\t\t<img decoding=\"async\" src=\"https:\/\/nailbedarf.com\/wp-content\/uploads\/2026\/04\/nailart-sticker-NR.72-xxl-768x1016.png\" \/>\n\t\t\t\t\t\t\t\t<\/div>\n\t\t\t\t\t\t\t\t\t\t\t\t\t\t\t<div class=\"wl-gbs-slide\">\n\t\t\t\t\t\t\t\t<img decoding=\"async\" src=\"https:\/\/nailbedarf.com\/wp-content\/uploads\/2026\/04\/nailart-sticker-NR.74-xxl-768x1016.png\" \/>\n\t\t\t\t\t\t\t\t<\/div>\n\t\t\t\t\t\t\t\n\t\t\t\t\t<\/div>\n\t\t\t\t<\/div>\n\t\t\t<\/section>\n\t\t<\/div>\n\t\t\n\t\t\t\n\t\t<script>\n\t\t\t$ = new jQuery.noConflict()\n\t\t\t$(function($){\n\t\t\t\tvar config \t= {\"animation_effect\":\"fade\",\"animation_responsive\":\"yes\",\"animation_autoScroll\":\"yes\",\"animation_speed\":1000,\"animation_timeout\":500,\"animation_perspective\":1000};\n\n\t\t\t\t$('.wl-gbs-box').boxSlider({\n\t\t\t\t\teffect: config.animation_effect,\n\t\t\t\t\tresponsive: config.animation_responsive,\n\t\t\t\t\t\/\/ pauseOnHover: config.animation_pauseOnHover,\n\t\t\t\t\tautoScroll: config.animation_autoScroll, \n\t\t\t\t\tspeed: parseInt(config.animation_speed),\n\t\t\t\t\ttimeout: parseInt(config.animation_timeout),\n\t\t\t\t\tperspective: parseInt(config.animation_perspective),\n\t\t\t\t});\n\t\t\t})\n\t\t<\/script>\n\t\t\t\t\t\t<\/div>\n\t\t\t\t<\/div>\n\t\t\t\t\t<\/div>\n\t\t\t\t<\/div>\n\t\t\t\t<\/div>\n\t\t","protected":false},"excerpt":{"rendered":"<p>Herzlich willkommen auf meiner Shop-Seite Wir \u00fcberarbeiten den Shop und unser Angebot.\u00a0 Deshalb ist die Auswahl im Moment sehr begrenzt.\u00a0 Wir\u00a0 erweitern das Angebot st\u00e4ndig, so dass Sie hier bald [&hellip;]<\/p>\n","protected":false},"author":1,"featured_media":0,"parent":0,"menu_order":0,"comment_status":"closed","ping_status":"closed","template":"","meta":{"iawp_total_views":10,"footnotes":""},"class_list":["post-77","page","type-page","status-publish","hentry"],"aioseo_notices":[],"_links":{"self":[{"href":"https:\/\/nailbedarf.com\/index.php?rest_route=\/wp\/v2\/pages\/77","targetHints":{"allow":["GET"]}}],"collection":[{"href":"https:\/\/nailbedarf.com\/index.php?rest_route=\/wp\/v2\/pages"}],"about":[{"href":"https:\/\/nailbedarf.com\/index.php?rest_route=\/wp\/v2\/types\/page"}],"author":[{"embeddable":true,"href":"https:\/\/nailbedarf.com\/index.php?rest_route=\/wp\/v2\/users\/1"}],"replies":[{"embeddable":true,"href":"https:\/\/nailbedarf.com\/index.php?rest_route=%2Fwp%2Fv2%2Fcomments&post=77"}],"version-history":[{"count":97,"href":"https:\/\/nailbedarf.com\/index.php?rest_route=\/wp\/v2\/pages\/77\/revisions"}],"predecessor-version":[{"id":21144,"href":"https:\/\/nailbedarf.com\/index.php?rest_route=\/wp\/v2\/pages\/77\/revisions\/21144"}],"wp:attachment":[{"href":"https:\/\/nailbedarf.com\/index.php?rest_route=%2Fwp%2Fv2%2Fmedia&parent=77"}],"curies":[{"name":"wp","href":"https:\/\/api.w.org\/{rel}","templated":true}]}}